tens digit of s(6)?
9
Suppose 6240 = 4*m - 4*j - 2668, 5*j = -5*m + 11095. What is the units digit of m?
3
Let f(x) = 4*x**2 - 34*x - 36. What is the units digit of f(20)?
4
Suppose -j - 450 + 158 = -4*x, 5*x + 265 = -j. Let y = -38 - j. What is the hundreds digit of y?
2
Let y = -1 + -11. Suppose 15 = -5*z + 5*o, -z + 17 = 3*o + o. What is the units digit of (-12)/z*4/y?
4
Suppose -2*h - q - 15 = -0*q, h - 3*q - 3 = 0. Let r be (12/5)/(h/20). What is the units digit of (r/(-10))/((-2)/(-70))?
8
Let k = -21 + 23. Suppose 0 = 3*g + 2*y + 2*y - 189, k*y - 301 = -5*g. What is the units digit of g?
9
Suppose -4*c = -3*c, 5*t - 2*c + 435 = 0. Let w = t + 125. What is the units digit of w?
8
Suppose 0 = -12*c + 36*c - 51792. What is the tens digit of c?
5
Let g(x) = -x**3 - 46*x**2 - 45*x + 67. What is the units digit of g(-45)?
7
Suppose w - 14 = 4*x, -2*w + 2*x + 16 = -2*x. Suppose 208 = 2*t + w. What is the units digit of t?
3
Let t = -1127 + 2291. What is the units digit of t?
4
What is the tens digit of 482 + (1 - (-3 - (-6)/2))?
8
Let f(j) = -2*j**3 - 3*j**2 - 2. Let y be f(-3). Suppose 5*k = 2*s - 5*s - 27, -4*s - 3*k = y. What is the tens digit of ((-2)/2)/(s/244)?
6
Let x(v) = -v**3 - 8*v**2 + 7*v - 16. Let i be x(-9). Suppose 6 = i*p, p + 33 = 3*t + 4*p. What is the units digit of t?
8
Let j(y) = 140*y + 6. Let b be j(2). Suppose 0 = -5*i + 816 - b. What is the units digit of i?
6
Suppose 11*h = -151 + 2241. What is the units digit of h?
0
Let u(v) = -21 + v + 0*v + v. Let r be 85/5 - (0 + 3). What is the units digit of u(r)?
7
Let b(a) = a**3 + a**2 - a - 5. Let y be b(0). What is the tens digit of (0 - -4) + y - -123?
2
Let q(p) = 4*p + 6. Let b be q(6). Let l = -223 + 297. Suppose -b = -2*j + l. What is the units digit of j?
2
Suppose 77289 = 27*a - 11271. What is the thousands digit of a?
3
Let k = 4 + -7. Let s be -3*(74/(-6) - k). What is the units digit of -4*(s/(-16) + -2)?
5
Let o = -132 + 145. Let b = o + 226. What is the hundreds digit of b?
2
Let a(c) = -c**3 + 2*c**2 - c - 9. What is the units digit of a(-3)?
9
Suppose 3*o + 0*o - 5 = -2*q, -2*q = 2*o - 2. Let c(y) = -10*y - 3. Let r(t) = 29*t + 8. Let v(x) = o*r(x) + 8*c(x). What is the units digit of v(6)?
2
Let f(w) = 15*w**2 - 29*w + 341. What is the hundreds digit of f(14)?
8
Let h = -51 + 86. Let r = 60 - h. Suppose r = 5*w - 105. What is the tens digit of w?
2
Suppose c - 2*f - 10 = 10, 4*c - 92 = -4*f. What is the units digit of c?
2
Let g(u) = 2 - 2 + u**3 - u + 3 - 2*u. Let q = 12 + -10. What is the units digit of g(q)?
5
Let c(o) = o**3 + 12*o**2 + 8*o - 10. Let b = 38 + -49. What is the tens digit of c(b)?
2
Let l be (-2)/6 + (-60)/(-18). Suppose y - l*t - 198 = -2*y, -3*y = t - 182. Let m = y - 44. What is the units digit of m?
8
Let u(g) = 3*g**2 + 2*g - 3. Let i be u(1). What is the hundreds digit of 0 + 126 - (i + -5)?
1
Suppose -3*u - 3*j = -3, -4*j + 9*j = 3*u - 19. Suppose 4*b - 834 = -242. Suppose b = -u*w + 7*w. What is the units digit of w?
7
Let c be 1678/6 + (-1)/(-3). Suppose 2*k - 3*w = 1 + 10, 4*k = 4*w + 20. Suppose f - 3*x + 14 = 84, 0 = -4*f + k*x + c. What is the units digit of f?
0
Let w(x) = -11*x + 29. What is the tens digit of w(-10)?
3
Let i = -148 - 8. Let q = -111 - i. Suppose -3*y - q = -8*y. What is the units digit of y?
9
Let x be ((-784)/4)/(-4)*-19. Let m be (-3)/(-3) + 5 + x. What is the units digit of (-2)/16 + m/(-40)?
3
What is the tens digit of 16127/15 + (-10)/75?
7
Let l = 83 + -5. Let s = l - 19. What is the units digit of s?
9
Suppose -5*l = 4*j - 5848, -4*l - 5*j = -6*l + 2326. What is the tens digit of l?
6
Let x = 3 - -28. Suppose 24*u - x*u = -693. What is the units digit of u?
9
Let a(g) be the third derivative of g**5/60 - 5*g**4/12 - 2*g**3 - g**2. Let d be a(12). What is the units digit of 63/12 + (-3)/d?
5
Let o be 22/99 - (-70)/9. Let i be 7/((-28)/o) - -50. Let h = i + -23. What is the units digit of h?
5
Let q(h) = 2*h**2 + 6*h + 55. Let d(y) = 3*y**2 + 7*y + 54. Let r(j) = -3*d(j) + 4*q(j). What is the units digit of r(0)?
8
Suppose y = n + 41 - 261, 680 = 3*n + y. Suppose 0 = -b - 2*k + 20 + 65, 3*b - n = 4*k. What is the units digit of b?
9
Let s = 3055 + -1165. What is the thousands digit of s?
1
Let q = 1952 - 1671. What is the tens digit of q?
8
Let t = -16 + 4114. What is the units digit of t?
8
Let r = 9548 - 5530. What is the units digit of r?
8
What is the tens digit of (-6)/14 + ((-274600)/28)/(-5)?
6
Let k(b) = b**3 + b**2 + b + 10. Suppose -1 + 13 = 4*o. Suppose 3*j + 9 = v, -v - 4*v = -j - o. What is the units digit of k(v)?
0
Let t(l) be the first derivative of 7*l**4/6 - 2*l**3/3 - 4*l**2 - 2. Let q(u) be the second derivative of t(u). What is the units digit of q(2)?
2
Let p(m) = 6*m + 153. What is the units digit of p(21)?
9
Let o(g) = -97*g - 109. What is the units digit of o(-15)?
6
Let u(j) = -2*j - 10. Let f be u(-7). Suppose -k - f*k - 75 = 0. Let m(a) = -a**3 - 16*a**2 - 18*a - 9. What is the tens digit of m(k)?
3
Let f be (-5 - (-4)/1)/((-2)/10). Let j be -2*((-3)/(-2))/3. What is the units digit of (-144)/(-5) - j/f?
9
Suppose 793 = 2*d + i, 4*i - 3*i = 3*d - 1197. What is the units digit of d?
8
Suppose -b = -5*b. What is the units digit of b - -24 - (4 - 2)?
2
Let s(a) = -a**2 - a + 1. Suppose -4*d = d + 15. Let f be s(d). Let u(x) = 3*x**2 + 10*x + 3. What is the units digit of u(f)?
8
Let l(c) = 59*c**2 + 24*c + 63. What is the tens digit of l(-3)?
2
Let p(x) = -229*x + 180. What is the thousands digit of p(-18)?
4
Suppose 0 = 3*t - 2*c - 10692, -3*t - 111*c = -114*c - 10692. What is the hundreds digit of t?
5
Suppose -4*p + 5*p = 29. What is the units digit of p/(-58) + 285/2?
2
Let o(z) = z + 67. Let n be o(0). What is the units digit of -2 + -1 + -1 + n?
3
Let m = -1312 + 1865. What is the hundreds digit of m?
5
Suppose -5*p = 4*g + 112, 0 = 4*g - 3*g - 5*p + 28. Let d = 133 + g. Suppose -w + d = 2*w. What is the tens digit of w?
3
Let z(j) = 5*j + 89. Let t be z(-19). What is the units digit of 76/57 - 658/t?
1
Suppose 5*k - 2*n - 1029 = 0, 0 = -5*k - 3*n + 1442 - 398. Suppose -k = 2*c - 5*c. What is the units digit of c?
9
Let c(s) = -16*s**3 + 3*s**2 + 13*s + 40. What is the tens digit of c(-7)?
8
What is the hundreds digit of (-4)/3 - (-18)/54 - -580?
5
Let f = -51 + 50. What is the units digit of 0 - (-3 - (-2 + -141)*f)?
6
Let c = -42 - -42. Suppose c = 12*j - 14*j + 252. What is the units digit of j?
6
Let j(t) = 8*t**3 + 2*t**2 - t. Let a be j(1). Suppose 0 = 4*g - a*g + 90. Suppose -x = -2*x + g. What is the units digit of x?
8
Let m be 1/3 + (-98)/6 + 2. Let y(i) = i**3 + 15*i**2 + 12*i. What is the units digit of y(m)?
8
Let a(l) = 15*l + 8. Let t be a(-11). Let z = t - -382. What is the tens digit of z?
2
Let p = 134 + -132. Suppose -2*l + 4 = 4*s, -6*s + l + 10 = -2*s. Suppose 16 = t - 6*i + i, s*t - 64 = p*i. What is the tens digit of t?
3
Suppose 7*s = 3*o + 8*s - 1154, 5*s + 5 = 0. What is the hundreds digit of o?
3
Suppose 0 = -r - b + 1609 + 239, -1863 = -r + 2*b. What is the tens digit of r?
5
What is the hundreds digit of ((-1008)/(-210))/((-3)/(-230))?
3
Let h(f) = -22*f + 18. Suppose 0 = 5*b + 3*v + 74, 5*b + 0*b = v - 62. Let m be h(b). What is the units digit of ((-6)/(-2))/(24/m)?
8
Let o = 165 - 66. Let k = o - 199. Let h = -49 - k. What is the tens digit of h?
5
Suppose -k - k = 2*p - 22, 0 = p - 3. Let v be (-5 + k)/((-3)/(-50)). Let o = -27 + v. What is the units digit of o?
3
Let f = -173 - -249. Let g = f - 26. What is the units digit of g?
0
Let a(f) = 3*f**3 - 4*f**2 - 5*f - 2. Let m be a(5). Suppose m = l + 48. Let x = l + -141. What is the tens digit of x?
5
Suppose -39*t + 51*t - 13020 = 0. What is the thousands digit of t?
1
Let v(b) = 21*b + 58. Let p(d) = d. Let u(m) = 6*p(m) - v(m). What is the hundreds digit of u(-17)?
1
Suppose 3*f + 4*z - 875 = 0, -16*z + 14*z = 5*f - 1477. What is the tens digit of f?
9
What is the hundreds digit of (-6)/(-9)*10/((-140)/(-34923))?
6
Let g(b) = 5*b + 1. Let n(m) = -1. Let x(h) = -g(h) + 2*n(h). What is the units digit of x(-10)?
7
Let n(m) be the first derivative of m**5/60 + m**4/8 - m**3/2 + 5*m**2/2 + 3. Let y(k) be the second derivative of n(k). What is the units digit of y(-6)?
5
Let u(y) = -81*y